{"id":1797,"date":"2025-11-12T00:48:24","date_gmt":"2025-11-12T00:48:24","guid":{"rendered":"https:\/\/growken.com.ar\/?post_type=product&#038;p=1797"},"modified":"2025-11-12T00:48:25","modified_gmt":"2025-11-12T00:48:25","slug":"fumagri-ultrad-ha","status":"publish","type":"product","link":"https:\/\/growken.com.ar\/index.php\/producto\/fumagri-ultrad-ha\/","title":{"rendered":"Fumagri &#8211;  Ultrad HA"},"content":{"rendered":"<p>Recomendaciones de uso:<br \/>\nUltrad HA: Es un desinfectante org\u00e1nico de amplio espectro biocida que est\u00e1 recomendado para la desinfecci\u00f3n de superficies, equipos, veh\u00edculos y en general en todas las \u00e1reas de las incubadoras, as\u00ed como en plantas de faena. Puede ser utilizado en instalaciones av\u00edcolas (pollo de engorde, reproductoras, gallina de postura, y pavos) y en producciones porcinas<br \/>\n(porquerizas de gestaci\u00f3n, destete, cr\u00eda y terminaci\u00f3n).<br \/>\nUltrad HA tiene como premisa que para aplicarlo, debe ser un lugar cerrado para evitar que el humo que contiene las<br \/>\npart\u00edculas de \u00e1cido glic\u00f3lico se escape y como consecuencia el tratamiento no sea correcto.<br \/>\nAplicaci\u00f3n de Ultrad HA: El producto esta dise\u00f1ado con la tecnolog\u00eda necesaria para que al encender una mecha de<br \/>\nalgod\u00f3n especial, se genere un humo que contiene billones de nanopart\u00edculas de \u00e1cido glic\u00f3lico que actuar\u00e1n en el ambiente y superficies. Esta caracter\u00edstica de tecnolog\u00eda le permite al producto tener dosis repetibles en el tiempo y que no<br \/>\nrequiere de personal especializado para su aplicaci\u00f3n.<br \/>\nSuperficies de aplicaci\u00f3n: Se puede utilizar sobre todas las superficies sin que \u00e9ste presente reacciones negativas ya que<br \/>\npor ser un desinfectante seco para ambientes y superficies, no aporta humedad y no es corrosivo.<\/p>\n","protected":false},"excerpt":{"rendered":"<p>Recomendaciones de uso: Ultrad HA: Es un desinfectante org\u00e1nico de amplio espectro biocida que est\u00e1 recomendado para la desinfecci\u00f3n de superficies, equipos, veh\u00edculos y en general en todas las \u00e1reas de las incubadoras, as\u00ed como en plantas de faena. Puede ser utilizado en instalaciones av\u00edcolas (pollo de engorde, reproductoras, gallina de postura, y pavos) y&#8230;<\/p>\n","protected":false},"featured_media":1841,"template":"","meta":{"_kad_post_transparent":"default","_kad_post_title":"","_kad_post_layout":"default","_kad_post_sidebar_id":"","_kad_post_content_style":"default","_kad_post_vertical_padding":"default","_kad_post_feature":"","_kad_post_feature_position":"","_kad_post_header":false,"_kad_post_footer":false,"_joinchat":[]},"product_cat":[45],"product_tag":[],"yoast_head":"<!-- This site is optimized with the Yoast SEO plugin v20.8 - https:\/\/yoast.com\/wordpress\/plugins\/seo\/ -->\n<title>Fumagri - Ultrad HA | Growken<\/title>\n<meta name=\"robots\" content=\"index, follow, max-snippet:-1, max-image-preview:large, max-video-preview:-1\" \/>\n<link rel=\"canonical\" href=\"https:\/\/growken.com.ar\/index.php\/producto\/fumagri-ultrad-ha\/\" \/>\n<meta property=\"og:locale\" content=\"es_ES\" \/>\n<meta property=\"og:type\" content=\"article\" \/>\n<meta property=\"og:title\" content=\"Fumagri - Ultrad HA | Growken\" \/>\n<meta property=\"og:description\" content=\"Recomendaciones de uso: Ultrad HA: Es un desinfectante org\u00e1nico de amplio espectro biocida que est\u00e1 recomendado para la desinfecci\u00f3n de superficies, equipos, veh\u00edculos y en general en todas las \u00e1reas de las incubadoras, as\u00ed como en plantas de faena. Puede ser utilizado en instalaciones av\u00edcolas (pollo de engorde, reproductoras, gallina de postura, y pavos) y...\" \/>\n<meta property=\"og:url\" content=\"https:\/\/growken.com.ar\/index.php\/producto\/fumagri-ultrad-ha\/\" \/>\n<meta property=\"og:site_name\" content=\"Growken\" \/>\n<meta property=\"article:publisher\" content=\"https:\/\/www.instagram.com\/growken_ar\/\" \/>\n<meta property=\"article:modified_time\" content=\"2025-11-12T00:48:25+00:00\" \/>\n<meta property=\"og:image\" content=\"http:\/\/growken.com.ar\/wp-content\/uploads\/2025\/08\/tamano-latas-e1762908462468.jpg\" \/>\n\t<meta property=\"og:image:width\" content=\"1170\" \/>\n\t<meta property=\"og:image:height\" content=\"624\" \/>\n\t<meta property=\"og:image:type\" content=\"image\/jpeg\" \/>\n<meta name=\"twitter:card\" content=\"summary_large_image\" \/>\n<meta name=\"twitter:label1\" content=\"Tiempo de lectura\" \/>\n\t<meta name=\"twitter:data1\" content=\"1 minuto\" \/>\n<script type=\"application\/ld+json\" class=\"yoast-schema-graph\">{\"@context\":\"https:\/\/schema.org\",\"@graph\":[{\"@type\":\"WebPage\",\"@id\":\"https:\/\/growken.com.ar\/index.php\/producto\/fumagri-ultrad-ha\/\",\"url\":\"https:\/\/growken.com.ar\/index.php\/producto\/fumagri-ultrad-ha\/\",\"name\":\"Fumagri - Ultrad HA | Growken\",\"isPartOf\":{\"@id\":\"https:\/\/growken.com.ar\/#website\"},\"datePublished\":\"2025-11-12T00:48:24+00:00\",\"dateModified\":\"2025-11-12T00:48:25+00:00\",\"breadcrumb\":{\"@id\":\"https:\/\/growken.com.ar\/index.php\/producto\/fumagri-ultrad-ha\/#breadcrumb\"},\"inLanguage\":\"es\",\"potentialAction\":[{\"@type\":\"ReadAction\",\"target\":[\"https:\/\/growken.com.ar\/index.php\/producto\/fumagri-ultrad-ha\/\"]}]},{\"@type\":\"BreadcrumbList\",\"@id\":\"https:\/\/growken.com.ar\/index.php\/producto\/fumagri-ultrad-ha\/#breadcrumb\",\"itemListElement\":[{\"@type\":\"ListItem\",\"position\":1,\"name\":\"Portada\",\"item\":\"https:\/\/growken.com.ar\/\"},{\"@type\":\"ListItem\",\"position\":2,\"name\":\"Productos\",\"item\":\"https:\/\/growken.com.ar\/index.php\/productos\/\"},{\"@type\":\"ListItem\",\"position\":3,\"name\":\"Fumagri &#8211; Ultrad HA\"}]},{\"@type\":\"WebSite\",\"@id\":\"https:\/\/growken.com.ar\/#website\",\"url\":\"https:\/\/growken.com.ar\/\",\"name\":\"Growken\",\"description\":\"Growken | Tecnolog\u00eda e Innovaci\u00f3n\",\"publisher\":{\"@id\":\"https:\/\/growken.com.ar\/#organization\"},\"alternateName\":\"Growken | Tecnolog\u00eda e Innovaci\u00f3n\",\"potentialAction\":[{\"@type\":\"SearchAction\",\"target\":{\"@type\":\"EntryPoint\",\"urlTemplate\":\"https:\/\/growken.com.ar\/?s={search_term_string}\"},\"query-input\":\"required name=search_term_string\"}],\"inLanguage\":\"es\"},{\"@type\":\"Organization\",\"@id\":\"https:\/\/growken.com.ar\/#organization\",\"name\":\"Growken\",\"alternateName\":\"Growken\",\"url\":\"https:\/\/growken.com.ar\/\",\"logo\":{\"@type\":\"ImageObject\",\"inLanguage\":\"es\",\"@id\":\"https:\/\/growken.com.ar\/#\/schema\/logo\/image\/\",\"url\":\"http:\/\/growken.com.ar\/wp-content\/uploads\/2023\/05\/logo.png\",\"contentUrl\":\"http:\/\/growken.com.ar\/wp-content\/uploads\/2023\/05\/logo.png\",\"width\":500,\"height\":500,\"caption\":\"Growken\"},\"image\":{\"@id\":\"https:\/\/growken.com.ar\/#\/schema\/logo\/image\/\"},\"sameAs\":[\"https:\/\/www.instagram.com\/growken_ar\/\"]}]}<\/script>\n<!-- \/ Yoast SEO plugin. -->","yoast_head_json":{"title":"Fumagri - Ultrad HA | Growken","robots":{"index":"index","follow":"follow","max-snippet":"max-snippet:-1","max-image-preview":"max-image-preview:large","max-video-preview":"max-video-preview:-1"},"canonical":"https:\/\/growken.com.ar\/index.php\/producto\/fumagri-ultrad-ha\/","og_locale":"es_ES","og_type":"article","og_title":"Fumagri - Ultrad HA | Growken","og_description":"Recomendaciones de uso: Ultrad HA: Es un desinfectante org\u00e1nico de amplio espectro biocida que est\u00e1 recomendado para la desinfecci\u00f3n de superficies, equipos, veh\u00edculos y en general en todas las \u00e1reas de las incubadoras, as\u00ed como en plantas de faena. Puede ser utilizado en instalaciones av\u00edcolas (pollo de engorde, reproductoras, gallina de postura, y pavos) y...","og_url":"https:\/\/growken.com.ar\/index.php\/producto\/fumagri-ultrad-ha\/","og_site_name":"Growken","article_publisher":"https:\/\/www.instagram.com\/growken_ar\/","article_modified_time":"2025-11-12T00:48:25+00:00","og_image":[{"width":1170,"height":624,"url":"http:\/\/growken.com.ar\/wp-content\/uploads\/2025\/08\/tamano-latas-e1762908462468.jpg","type":"image\/jpeg"}],"twitter_card":"summary_large_image","twitter_misc":{"Tiempo de lectura":"1 minuto"},"schema":{"@context":"https:\/\/schema.org","@graph":[{"@type":"WebPage","@id":"https:\/\/growken.com.ar\/index.php\/producto\/fumagri-ultrad-ha\/","url":"https:\/\/growken.com.ar\/index.php\/producto\/fumagri-ultrad-ha\/","name":"Fumagri - Ultrad HA | Growken","isPartOf":{"@id":"https:\/\/growken.com.ar\/#website"},"datePublished":"2025-11-12T00:48:24+00:00","dateModified":"2025-11-12T00:48:25+00:00","breadcrumb":{"@id":"https:\/\/growken.com.ar\/index.php\/producto\/fumagri-ultrad-ha\/#breadcrumb"},"inLanguage":"es","potentialAction":[{"@type":"ReadAction","target":["https:\/\/growken.com.ar\/index.php\/producto\/fumagri-ultrad-ha\/"]}]},{"@type":"BreadcrumbList","@id":"https:\/\/growken.com.ar\/index.php\/producto\/fumagri-ultrad-ha\/#breadcrumb","itemListElement":[{"@type":"ListItem","position":1,"name":"Portada","item":"https:\/\/growken.com.ar\/"},{"@type":"ListItem","position":2,"name":"Productos","item":"https:\/\/growken.com.ar\/index.php\/productos\/"},{"@type":"ListItem","position":3,"name":"Fumagri &#8211; Ultrad HA"}]},{"@type":"WebSite","@id":"https:\/\/growken.com.ar\/#website","url":"https:\/\/growken.com.ar\/","name":"Growken","description":"Growken | Tecnolog\u00eda e Innovaci\u00f3n","publisher":{"@id":"https:\/\/growken.com.ar\/#organization"},"alternateName":"Growken | Tecnolog\u00eda e Innovaci\u00f3n","potentialAction":[{"@type":"SearchAction","target":{"@type":"EntryPoint","urlTemplate":"https:\/\/growken.com.ar\/?s={search_term_string}"},"query-input":"required name=search_term_string"}],"inLanguage":"es"},{"@type":"Organization","@id":"https:\/\/growken.com.ar\/#organization","name":"Growken","alternateName":"Growken","url":"https:\/\/growken.com.ar\/","logo":{"@type":"ImageObject","inLanguage":"es","@id":"https:\/\/growken.com.ar\/#\/schema\/logo\/image\/","url":"http:\/\/growken.com.ar\/wp-content\/uploads\/2023\/05\/logo.png","contentUrl":"http:\/\/growken.com.ar\/wp-content\/uploads\/2023\/05\/logo.png","width":500,"height":500,"caption":"Growken"},"image":{"@id":"https:\/\/growken.com.ar\/#\/schema\/logo\/image\/"},"sameAs":["https:\/\/www.instagram.com\/growken_ar\/"]}]}},"_links":{"self":[{"href":"https:\/\/growken.com.ar\/index.php\/wp-json\/wp\/v2\/product\/1797"}],"collection":[{"href":"https:\/\/growken.com.ar\/index.php\/wp-json\/wp\/v2\/product"}],"about":[{"href":"https:\/\/growken.com.ar\/index.php\/wp-json\/wp\/v2\/types\/product"}],"wp:featuredmedia":[{"embeddable":true,"href":"https:\/\/growken.com.ar\/index.php\/wp-json\/wp\/v2\/media\/1841"}],"wp:attachment":[{"href":"https:\/\/growken.com.ar\/index.php\/wp-json\/wp\/v2\/media?parent=1797"}],"wp:term":[{"taxonomy":"product_cat","embeddable":true,"href":"https:\/\/growken.com.ar\/index.php\/wp-json\/wp\/v2\/product_cat?post=1797"},{"taxonomy":"product_tag","embeddable":true,"href":"https:\/\/growken.com.ar\/index.php\/wp-json\/wp\/v2\/product_tag?post=1797"}],"curies":[{"name":"wp","href":"https:\/\/api.w.org\/{rel}","templated":true}]}}