{"id":1793,"date":"2025-08-27T17:41:26","date_gmt":"2025-08-27T17:41:26","guid":{"rendered":"https:\/\/growken.com.ar\/?post_type=product&#038;p=1793"},"modified":"2025-08-27T17:41:27","modified_gmt":"2025-08-27T17:41:27","slug":"aquatabs-in-line","status":"publish","type":"product","link":"https:\/\/growken.com.ar\/index.php\/producto\/aquatabs-in-line\/","title":{"rendered":"Aquatabs In Line"},"content":{"rendered":"<p>Aquatabs: Es un desinfectante org\u00e1nico de amplio espectro biocida que est\u00e1 recomendado para la purificaci\u00f3n de agua y<br \/>\ndesinfecci\u00f3n de tinacos y tuber\u00edas. Puede ser utilizado en instalaciones av\u00edcolas (pollo de engorde, reproductoras, gallina de<br \/>\npostura, y pavos) y en producciones porcinas (porquerizas de gestaci\u00f3n, destete, cr\u00eda y terminaci\u00f3n). Tambi\u00e9n puede ser<br \/>\nutilizado en Plantas de Incubaci\u00f3n, Plantas de Faena, y Plantas de Empaque.<\/p>\n<p>Aquatabs Inline: Es un sistema de aplicaci\u00f3n f\u00e1cil y pr\u00e1ctico, dise\u00f1ado para colocarse sobre una l\u00ednea de agua que tenga<br \/>\nuna presi\u00f3n m\u00ednima de 1,5 bares y m\u00e1xima de 5,0 bares. Antes de trabajar con el producto se debe hacer un flushing y<br \/>\ntratamiento de desincrustaci\u00f3n de las l\u00edneas con HPPA para remover la biopel\u00edcula. Trabajar con agua a presi\u00f3n para<br \/>\nremover la biopel\u00edcula de las tuber\u00edas una vez desprendida.<\/p>\n<p>Aquatabs Inline Aplicaci\u00f3n: Al colocarlo sobre la l\u00ednea de agua, el equipo cuenta con la tecnolog\u00eda y dise\u00f1o necesario para<br \/>\ndosificar el producto a una concentraci\u00f3n de 1 a 3 PPM, que se mantiene constante en el tiempo garantizando la concentraci\u00f3n<br \/>\nde cloro libre desde el inicio hasta el final.<\/p>\n<p><img decoding=\"async\" loading=\"lazy\" class=\"alignnone size-medium wp-image-1794\" src=\"http:\/\/growken.com.ar\/wp-content\/uploads\/2025\/08\/aquatabs-253x300.jpg\" alt=\"\" width=\"253\" height=\"300\" \/><\/p>\n<p><a href=\"http:\/\/growken.com.ar\/wp-content\/uploads\/2025\/08\/AQUATABS-InLine-Preguntas-frecuentes.pdf\">AQUATABS InLine &#8211; Preguntas frecuentes<\/a><\/p>\n","protected":false},"excerpt":{"rendered":"<p>Aquatabs: Es un desinfectante org\u00e1nico de amplio espectro biocida que est\u00e1 recomendado para la purificaci\u00f3n de agua y desinfecci\u00f3n de tinacos y tuber\u00edas. Puede ser utilizado en instalaciones av\u00edcolas (pollo de engorde, reproductoras, gallina de postura, y pavos) y en producciones porcinas (porquerizas de gestaci\u00f3n, destete, cr\u00eda y terminaci\u00f3n). Tambi\u00e9n puede ser utilizado en Plantas&#8230;<\/p>\n","protected":false},"featured_media":1794,"template":"","meta":{"_kad_post_transparent":"default","_kad_post_title":"","_kad_post_layout":"default","_kad_post_sidebar_id":"","_kad_post_content_style":"default","_kad_post_vertical_padding":"default","_kad_post_feature":"","_kad_post_feature_position":"","_kad_post_header":false,"_kad_post_footer":false,"_joinchat":[]},"product_cat":[45],"product_tag":[],"yoast_head":"<!-- This site is optimized with the Yoast SEO plugin v20.8 - https:\/\/yoast.com\/wordpress\/plugins\/seo\/ -->\n<title>Aquatabs In Line | Growken<\/title>\n<meta name=\"robots\" content=\"index, follow, max-snippet:-1, max-image-preview:large, max-video-preview:-1\" \/>\n<link rel=\"canonical\" href=\"https:\/\/growken.com.ar\/index.php\/producto\/aquatabs-in-line\/\" \/>\n<meta property=\"og:locale\" content=\"es_ES\" \/>\n<meta property=\"og:type\" content=\"article\" \/>\n<meta property=\"og:title\" content=\"Aquatabs In Line | Growken\" \/>\n<meta property=\"og:description\" content=\"Aquatabs: Es un desinfectante org\u00e1nico de amplio espectro biocida que est\u00e1 recomendado para la purificaci\u00f3n de agua y desinfecci\u00f3n de tinacos y tuber\u00edas. Puede ser utilizado en instalaciones av\u00edcolas (pollo de engorde, reproductoras, gallina de postura, y pavos) y en producciones porcinas (porquerizas de gestaci\u00f3n, destete, cr\u00eda y terminaci\u00f3n). Tambi\u00e9n puede ser utilizado en Plantas...\" \/>\n<meta property=\"og:url\" content=\"https:\/\/growken.com.ar\/index.php\/producto\/aquatabs-in-line\/\" \/>\n<meta property=\"og:site_name\" content=\"Growken\" \/>\n<meta property=\"article:publisher\" content=\"https:\/\/www.instagram.com\/growken_ar\/\" \/>\n<meta property=\"article:modified_time\" content=\"2025-08-27T17:41:27+00:00\" \/>\n<meta property=\"og:image\" content=\"http:\/\/growken.com.ar\/wp-content\/uploads\/2025\/08\/aquatabs.jpg\" \/>\n\t<meta property=\"og:image:width\" content=\"990\" \/>\n\t<meta property=\"og:image:height\" content=\"1172\" \/>\n\t<meta property=\"og:image:type\" content=\"image\/jpeg\" \/>\n<meta name=\"twitter:card\" content=\"summary_large_image\" \/>\n<meta name=\"twitter:label1\" content=\"Tiempo de lectura\" \/>\n\t<meta name=\"twitter:data1\" content=\"2 minutos\" \/>\n<script type=\"application\/ld+json\" class=\"yoast-schema-graph\">{\"@context\":\"https:\/\/schema.org\",\"@graph\":[{\"@type\":\"WebPage\",\"@id\":\"https:\/\/growken.com.ar\/index.php\/producto\/aquatabs-in-line\/\",\"url\":\"https:\/\/growken.com.ar\/index.php\/producto\/aquatabs-in-line\/\",\"name\":\"Aquatabs In Line | Growken\",\"isPartOf\":{\"@id\":\"https:\/\/growken.com.ar\/#website\"},\"datePublished\":\"2025-08-27T17:41:26+00:00\",\"dateModified\":\"2025-08-27T17:41:27+00:00\",\"breadcrumb\":{\"@id\":\"https:\/\/growken.com.ar\/index.php\/producto\/aquatabs-in-line\/#breadcrumb\"},\"inLanguage\":\"es\",\"potentialAction\":[{\"@type\":\"ReadAction\",\"target\":[\"https:\/\/growken.com.ar\/index.php\/producto\/aquatabs-in-line\/\"]}]},{\"@type\":\"BreadcrumbList\",\"@id\":\"https:\/\/growken.com.ar\/index.php\/producto\/aquatabs-in-line\/#breadcrumb\",\"itemListElement\":[{\"@type\":\"ListItem\",\"position\":1,\"name\":\"Portada\",\"item\":\"https:\/\/growken.com.ar\/\"},{\"@type\":\"ListItem\",\"position\":2,\"name\":\"Productos\",\"item\":\"https:\/\/growken.com.ar\/index.php\/productos\/\"},{\"@type\":\"ListItem\",\"position\":3,\"name\":\"Aquatabs In Line\"}]},{\"@type\":\"WebSite\",\"@id\":\"https:\/\/growken.com.ar\/#website\",\"url\":\"https:\/\/growken.com.ar\/\",\"name\":\"Growken\",\"description\":\"Growken | Tecnolog\u00eda e Innovaci\u00f3n\",\"publisher\":{\"@id\":\"https:\/\/growken.com.ar\/#organization\"},\"alternateName\":\"Growken | Tecnolog\u00eda e Innovaci\u00f3n\",\"potentialAction\":[{\"@type\":\"SearchAction\",\"target\":{\"@type\":\"EntryPoint\",\"urlTemplate\":\"https:\/\/growken.com.ar\/?s={search_term_string}\"},\"query-input\":\"required name=search_term_string\"}],\"inLanguage\":\"es\"},{\"@type\":\"Organization\",\"@id\":\"https:\/\/growken.com.ar\/#organization\",\"name\":\"Growken\",\"alternateName\":\"Growken\",\"url\":\"https:\/\/growken.com.ar\/\",\"logo\":{\"@type\":\"ImageObject\",\"inLanguage\":\"es\",\"@id\":\"https:\/\/growken.com.ar\/#\/schema\/logo\/image\/\",\"url\":\"http:\/\/growken.com.ar\/wp-content\/uploads\/2023\/05\/logo.png\",\"contentUrl\":\"http:\/\/growken.com.ar\/wp-content\/uploads\/2023\/05\/logo.png\",\"width\":500,\"height\":500,\"caption\":\"Growken\"},\"image\":{\"@id\":\"https:\/\/growken.com.ar\/#\/schema\/logo\/image\/\"},\"sameAs\":[\"https:\/\/www.instagram.com\/growken_ar\/\"]}]}<\/script>\n<!-- \/ Yoast SEO plugin. -->","yoast_head_json":{"title":"Aquatabs In Line | Growken","robots":{"index":"index","follow":"follow","max-snippet":"max-snippet:-1","max-image-preview":"max-image-preview:large","max-video-preview":"max-video-preview:-1"},"canonical":"https:\/\/growken.com.ar\/index.php\/producto\/aquatabs-in-line\/","og_locale":"es_ES","og_type":"article","og_title":"Aquatabs In Line | Growken","og_description":"Aquatabs: Es un desinfectante org\u00e1nico de amplio espectro biocida que est\u00e1 recomendado para la purificaci\u00f3n de agua y desinfecci\u00f3n de tinacos y tuber\u00edas. Puede ser utilizado en instalaciones av\u00edcolas (pollo de engorde, reproductoras, gallina de postura, y pavos) y en producciones porcinas (porquerizas de gestaci\u00f3n, destete, cr\u00eda y terminaci\u00f3n). Tambi\u00e9n puede ser utilizado en Plantas...","og_url":"https:\/\/growken.com.ar\/index.php\/producto\/aquatabs-in-line\/","og_site_name":"Growken","article_publisher":"https:\/\/www.instagram.com\/growken_ar\/","article_modified_time":"2025-08-27T17:41:27+00:00","og_image":[{"width":990,"height":1172,"url":"http:\/\/growken.com.ar\/wp-content\/uploads\/2025\/08\/aquatabs.jpg","type":"image\/jpeg"}],"twitter_card":"summary_large_image","twitter_misc":{"Tiempo de lectura":"2 minutos"},"schema":{"@context":"https:\/\/schema.org","@graph":[{"@type":"WebPage","@id":"https:\/\/growken.com.ar\/index.php\/producto\/aquatabs-in-line\/","url":"https:\/\/growken.com.ar\/index.php\/producto\/aquatabs-in-line\/","name":"Aquatabs In Line | Growken","isPartOf":{"@id":"https:\/\/growken.com.ar\/#website"},"datePublished":"2025-08-27T17:41:26+00:00","dateModified":"2025-08-27T17:41:27+00:00","breadcrumb":{"@id":"https:\/\/growken.com.ar\/index.php\/producto\/aquatabs-in-line\/#breadcrumb"},"inLanguage":"es","potentialAction":[{"@type":"ReadAction","target":["https:\/\/growken.com.ar\/index.php\/producto\/aquatabs-in-line\/"]}]},{"@type":"BreadcrumbList","@id":"https:\/\/growken.com.ar\/index.php\/producto\/aquatabs-in-line\/#breadcrumb","itemListElement":[{"@type":"ListItem","position":1,"name":"Portada","item":"https:\/\/growken.com.ar\/"},{"@type":"ListItem","position":2,"name":"Productos","item":"https:\/\/growken.com.ar\/index.php\/productos\/"},{"@type":"ListItem","position":3,"name":"Aquatabs In Line"}]},{"@type":"WebSite","@id":"https:\/\/growken.com.ar\/#website","url":"https:\/\/growken.com.ar\/","name":"Growken","description":"Growken | Tecnolog\u00eda e Innovaci\u00f3n","publisher":{"@id":"https:\/\/growken.com.ar\/#organization"},"alternateName":"Growken | Tecnolog\u00eda e Innovaci\u00f3n","potentialAction":[{"@type":"SearchAction","target":{"@type":"EntryPoint","urlTemplate":"https:\/\/growken.com.ar\/?s={search_term_string}"},"query-input":"required name=search_term_string"}],"inLanguage":"es"},{"@type":"Organization","@id":"https:\/\/growken.com.ar\/#organization","name":"Growken","alternateName":"Growken","url":"https:\/\/growken.com.ar\/","logo":{"@type":"ImageObject","inLanguage":"es","@id":"https:\/\/growken.com.ar\/#\/schema\/logo\/image\/","url":"http:\/\/growken.com.ar\/wp-content\/uploads\/2023\/05\/logo.png","contentUrl":"http:\/\/growken.com.ar\/wp-content\/uploads\/2023\/05\/logo.png","width":500,"height":500,"caption":"Growken"},"image":{"@id":"https:\/\/growken.com.ar\/#\/schema\/logo\/image\/"},"sameAs":["https:\/\/www.instagram.com\/growken_ar\/"]}]}},"_links":{"self":[{"href":"https:\/\/growken.com.ar\/index.php\/wp-json\/wp\/v2\/product\/1793"}],"collection":[{"href":"https:\/\/growken.com.ar\/index.php\/wp-json\/wp\/v2\/product"}],"about":[{"href":"https:\/\/growken.com.ar\/index.php\/wp-json\/wp\/v2\/types\/product"}],"wp:featuredmedia":[{"embeddable":true,"href":"https:\/\/growken.com.ar\/index.php\/wp-json\/wp\/v2\/media\/1794"}],"wp:attachment":[{"href":"https:\/\/growken.com.ar\/index.php\/wp-json\/wp\/v2\/media?parent=1793"}],"wp:term":[{"taxonomy":"product_cat","embeddable":true,"href":"https:\/\/growken.com.ar\/index.php\/wp-json\/wp\/v2\/product_cat?post=1793"},{"taxonomy":"product_tag","embeddable":true,"href":"https:\/\/growken.com.ar\/index.php\/wp-json\/wp\/v2\/product_tag?post=1793"}],"curies":[{"name":"wp","href":"https:\/\/api.w.org\/{rel}","templated":true}]}}